{"id":278,"date":"2018-01-23T09:27:55","date_gmt":"2018-01-23T08:27:55","guid":{"rendered":"http:\/\/mmendizabal.com\/?page_id=278"},"modified":"2019-03-13T16:26:45","modified_gmt":"2019-03-13T15:26:45","slug":"politica-de-privacidad","status":"publish","type":"page","link":"https:\/\/mmendizabal.com\/index.php\/politica-de-privacidad\/","title":{"rendered":"Pol\u00edtica de privacidad"},"content":{"rendered":"<p><strong>Pol\u00edtica de privacidad<\/strong><\/p>\n<p><strong>\u00a0<\/strong><\/p>\n<p><strong>Acceso p\u00fablico a la web de la MIKEL MENDIZABAL &amp; CIA, S.A. <\/strong><\/p>\n<p>De acuerdo con lo establecido en el \u00abAviso Legal\u00bb de esta Web y en la Ley Org\u00e1nica 3\/2018 de 5 de diciembre, de Protecci\u00f3n de Datos de Car\u00e1cter Personal (en adelante, LOPD), todo Usuario que facilite datos de car\u00e1cter personal a MIKEL MENDIZABAL &amp; CIA, S.A.(en adelante, MMA) a trav\u00e9s de esta p\u00e1gina Web o por otras v\u00edas (por ejemplo, las redes sociales) queda informado y consiente la incorporaci\u00f3n de dichos datos a los ficheros de esta, con la finalidad de contactar con el remitente de la informaci\u00f3n, dar respuesta a su solicitud, petici\u00f3n o consulta y hacer un seguimiento posterior y, en su caso, gestionar su inscripci\u00f3n y llevar a cabo la prestaci\u00f3n contratada por el USUARIO, su facturaci\u00f3n y cobro.<\/p>\n<p>Salvo que nos haya comunicado su voluntad en contra, marcando la casilla de oposici\u00f3n que la MMA ha puesto a su disposici\u00f3n en el momento del recabo de los datos o nos la\u00a0 comunique a la direcci\u00f3n de correo electr\u00f3nico <a href=\"mailto:lopd@mmendizabal.com\">lopd@mmendizabal.com<\/a> estos se podr\u00e1n utilizar para realizar, incluso por correo electr\u00f3nico, posteriores comunicaciones relacionadas con las actividades a que se dedica MMA. El usuario puede revocar su consentimiento, en cualquier momento, comunic\u00e1ndolo a MMA a trav\u00e9s de la referida direcci\u00f3n de correo electr\u00f3nico.<\/p>\n<p>La informaci\u00f3n contenida en dichas comunicaciones podr\u00e1 ser remitida a quienes se hagan seguidores de MMA en las redes sociales. El hecho de convertirse en amigo o seguidor implica la autorizaci\u00f3n para el tratamiento de los datos con esa finalidad. Si desea dejar de recibir dicha informaci\u00f3n o que esos datos sean cancelados, puede darse de baja como seguidor de nuestro perfil. Adem\u00e1s, los seguidores en redes sociales pueden ejercer los derechos que la Ley les reconoce, conforme a lo que se indica en el \u00faltimo p\u00e1rrafo de esta Pol\u00edtica de Privacidad, si bien, puesto que dichas plataformas pertenecen a terceros, las respuestas a los ejercicios de derechos por parte de MMA quedar\u00e1n limitadas por las funcionalidades que permita la red social de que se trate.<\/p>\n<p>En cualquier caso, los datos obtenidos a trav\u00e9s de esta p\u00e1gina Web o por otras v\u00edas (por ejemplo, las redes sociales) ser\u00e1n adecuados, pertinentes y no excesivos en relaci\u00f3n con el \u00e1mbito y las finalidades determinadas, expl\u00edcitas y leg\u00edtimas para las que se obtengan.<\/p>\n<p>El usuario es libre de facilitar o no los datos que se le puedan requerir con ocasi\u00f3n de la solicitud de informaci\u00f3n que realice o de la suscripci\u00f3n o alta en alguno de los servicios ofrecidos por parte de MMA en esta Web o en cualquier otra plataforma, a excepci\u00f3n de los campos que en cada formulario se encuentren marcados con un asterisco, cuya cumplimentaci\u00f3n es obligatoria y necesaria para que el formulario pueda ser enviado. En caso de que esos campos no sean cumplimentados, no podr\u00e1 hacerse efectiva la petici\u00f3n o solicitud del Usuario.<\/p>\n<p>MMA se reserva el derecho de modificar la presente Pol\u00edtica de Protecci\u00f3n de Privacidad en cualquier momento, con el fin de adaptarla a novedades legislativas o cambios en sus actividades.<\/p>\n<p>En caso de que el Usuario proporcione datos de terceras personas, es su responsabilidad informarle previamente de todo lo dispuesto en la presente Pol\u00edtica de Privacidad y obtener su consentimiento para el tratamiento de dichos datos con las finalidades indicadas.<\/p>\n<p>El Usuario es responsable de que la informaci\u00f3n que proporcione a trav\u00e9s de esta Web sea cierta. A estos efectos, el interesado responde de la veracidad de todos los datos que comunique y mantendr\u00e1 convenientemente actualizada la informaci\u00f3n facilitada, de tal forma que responda a su situaci\u00f3n real. El interesado ser\u00e1 responsable de las informaciones falsas o inexactas que proporcione y de los perjuicios que ello cause a MMA, a sus clientes o a terceros.<\/p>\n<p>MMA garantiza la seguridad y confidencialidad de los datos de car\u00e1cter personal que sean facilitados. A tal fin, tienen implantadas las medidas de seguridad de \u00edndole t\u00e9cnica y organizativa que son necesarias para evitar su alteraci\u00f3n, p\u00e9rdida, tratamiento o acceso no autorizados. No obstante, el usuario deber\u00e1 tener en cuenta que las medidas de seguridad en Internet, debido a su naturaleza y car\u00e1cter global, no son inexpugnables.<\/p>\n","protected":false},"excerpt":{"rendered":"<p>Pol\u00edtica de privacidad \u00a0 Acceso p\u00fablico a la web de la MIKEL MENDIZABAL &amp; CIA, S.A. De acuerdo con lo establecido en el \u00abAviso Legal\u00bb de esta Web y en la Ley Org\u00e1nica 3\/2018 de 5 de diciembre, de Protecci\u00f3n de Datos de Car\u00e1cter Personal (en adelante, LOPD), todo Usuario que facilite datos de car\u00e1cter [&hellip;]<\/p>\n","protected":false},"author":1,"featured_media":0,"parent":0,"menu_order":0,"comment_status":"closed","ping_status":"closed","template":"","meta":{"footnotes":""},"class_list":["post-278","page","type-page","status-publish","hentry"],"_links":{"self":[{"href":"https:\/\/mmendizabal.com\/index.php\/wp-json\/wp\/v2\/pages\/278","targetHints":{"allow":["GET"]}}],"collection":[{"href":"https:\/\/mmendizabal.com\/index.php\/wp-json\/wp\/v2\/pages"}],"about":[{"href":"https:\/\/mmendizabal.com\/index.php\/wp-json\/wp\/v2\/types\/page"}],"author":[{"embeddable":true,"href":"https:\/\/mmendizabal.com\/index.php\/wp-json\/wp\/v2\/users\/1"}],"replies":[{"embeddable":true,"href":"https:\/\/mmendizabal.com\/index.php\/wp-json\/wp\/v2\/comments?post=278"}],"version-history":[{"count":3,"href":"https:\/\/mmendizabal.com\/index.php\/wp-json\/wp\/v2\/pages\/278\/revisions"}],"predecessor-version":[{"id":294,"href":"https:\/\/mmendizabal.com\/index.php\/wp-json\/wp\/v2\/pages\/278\/revisions\/294"}],"wp:attachment":[{"href":"https:\/\/mmendizabal.com\/index.php\/wp-json\/wp\/v2\/media?parent=278"}],"curies":[{"name":"wp","href":"https:\/\/api.w.org\/{rel}","templated":true}]}}